{"id":2887,"date":"2025-05-21T07:12:42","date_gmt":"2025-05-21T07:12:42","guid":{"rendered":"https:\/\/ludwigthomajun.de\/?page_id=2887"},"modified":"2025-05-21T07:13:19","modified_gmt":"2025-05-21T07:13:19","slug":"116-2","status":"publish","type":"page","link":"https:\/\/ludwigthomajun.de\/?page_id=2887","title":{"rendered":"116 The Hill of Faces \u2013 A Landscape of Inner Motion Maler LTj 2025"},"content":{"rendered":"<p><img loading=\"lazy\" decoding=\"async\" class=\"aligncenter size-medium wp-image-2889\" src=\"https:\/\/ludwigthomajun.de\/wp-content\/uploads\/2025\/05\/116-A3-116-The-Hill-of-Faces-\u2013-A-Landscape-of-Inner-Motion-Maler-LTJ-2-300x212.jpg\" alt=\"\" width=\"300\" height=\"212\" srcset=\"https:\/\/ludwigthomajun.de\/wp-content\/uploads\/2025\/05\/116-A3-116-The-Hill-of-Faces-\u2013-A-Landscape-of-Inner-Motion-Maler-LTJ-2-300x212.jpg 300w, https:\/\/ludwigthomajun.de\/wp-content\/uploads\/2025\/05\/116-A3-116-The-Hill-of-Faces-\u2013-A-Landscape-of-Inner-Motion-Maler-LTJ-2-1024x724.jpg 1024w, https:\/\/ludwigthomajun.de\/wp-content\/uploads\/2025\/05\/116-A3-116-The-Hill-of-Faces-\u2013-A-Landscape-of-Inner-Motion-Maler-LTJ-2-768x543.jpg 768w, https:\/\/ludwigthomajun.de\/wp-content\/uploads\/2025\/05\/116-A3-116-The-Hill-of-Faces-\u2013-A-Landscape-of-Inner-Motion-Maler-LTJ-2-1536x1086.jpg 1536w, https:\/\/ludwigthomajun.de\/wp-content\/uploads\/2025\/05\/116-A3-116-The-Hill-of-Faces-\u2013-A-Landscape-of-Inner-Motion-Maler-LTJ-2-2048x1448.jpg 2048w\" sizes=\"auto, (max-width: 300px) 100vw, 300px\" \/><\/p>\n<p><img loading=\"lazy\" decoding=\"async\" class=\"aligncenter size-medium wp-image-2890\" src=\"https:\/\/ludwigthomajun.de\/wp-content\/uploads\/2025\/05\/116-A3-116-The-Hill-of-Faces-\u2013-A-Landscape-of-Inner-Motion-Maler-LTJ-2-3-300x212.jpg\" alt=\"\" width=\"300\" height=\"212\" srcset=\"https:\/\/ludwigthomajun.de\/wp-content\/uploads\/2025\/05\/116-A3-116-The-Hill-of-Faces-\u2013-A-Landscape-of-Inner-Motion-Maler-LTJ-2-3-300x212.jpg 300w, https:\/\/ludwigthomajun.de\/wp-content\/uploads\/2025\/05\/116-A3-116-The-Hill-of-Faces-\u2013-A-Landscape-of-Inner-Motion-Maler-LTJ-2-3-1024x724.jpg 1024w, https:\/\/ludwigthomajun.de\/wp-content\/uploads\/2025\/05\/116-A3-116-The-Hill-of-Faces-\u2013-A-Landscape-of-Inner-Motion-Maler-LTJ-2-3-768x543.jpg 768w, https:\/\/ludwigthomajun.de\/wp-content\/uploads\/2025\/05\/116-A3-116-The-Hill-of-Faces-\u2013-A-Landscape-of-Inner-Motion-Maler-LTJ-2-3-1536x1086.jpg 1536w, https:\/\/ludwigthomajun.de\/wp-content\/uploads\/2025\/05\/116-A3-116-The-Hill-of-Faces-\u2013-A-Landscape-of-Inner-Motion-Maler-LTJ-2-3-2048x1448.jpg 2048w\" sizes=\"auto, (max-width: 300px) 100vw, 300px\" \/><\/p>\n<p>116 Der H\u00fcgel der Gesichter \u2013 Eine Landschaft der inneren Bewegungen<\/p>\n<p>K\u00fcnstler: LTJ<br \/>\nFormat: A3, Digitaldruck<br \/>\nVersionen:<br \/>\n1. Schwarz-Wei\u00df<br \/>\n2. 60er-Jahre-Gr\u00fcn<br \/>\n3. Acryl-Version<\/p>\n<p>&nbsp;<\/p>\n<p>Preis auf Anfrage<\/p>\n<p>In diesem vielschichtigen Werk von LTJ entfaltet sich eine Landschaft, die nicht von Geografie, sondern von Erinnerungen und inneren Zust\u00e4nden gepr\u00e4gt ist. Im Vordergrund steht eine schattenhafte Figur \u2013 anonym, beobachtend, auf dem Weg irgendwohin. Sie blickt in ein weites, h\u00fcgeliges Terrain, das voller Bewegung und Zeichen ist.\u2028\u2028\u00dcberall in der Zeichnung tummeln sich kleine Figuren: tanzend, k\u00e4mpfend, suchend, manchmal ganz nah beieinander, dann wieder einsam. Es ist eine Choreographie des Lebens, verteilt \u00fcber das Feld der Wahrnehmung. Dazwischen liegen Tore, Durchg\u00e4nge, oder schlicht Leerstellen, die als \u00dcberg\u00e4nge gelesen werden k\u00f6nnen \u2013 zu Erinnerungen, zu Gef\u00fchlen, zu Momenten.\u2028\u2028Am rechten Rand dominiert ein riesiges Gesicht \u2013 ruhig, fast melancholisch. Es scheint zu weinen, aber nicht aus Trauer \u2013 eher als Spiegel einer tiefen, lang getragener Emotion. Die Augen dieses Gesichts sind m\u00fcde, suchend, aber auch wachsam. Vielleicht ist es ein \u00e4lteres Selbstbild, vielleicht ein Betrachter aus einer anderen Zeit.\u2028\u2028Besonders eindrucksvoll sind die vielen Augen, die in die Landschaft eingebettet sind \u2013 teils offen, teils verschlossen, manche fast wie Masken. Sie verwandeln die H\u00fcgel in ein lebendiges, f\u00fchlendes Wesen. Nichts bleibt unbeobachtet \u2013 und doch f\u00fchlt man sich nicht bedroht, sondern eingeladen, diese Welt zu betreten.\u2028\u2028Die Schwarz-Wei\u00df-Version zeigt diese feinen \u00dcberg\u00e4nge besonders klar \u2013 sie l\u00e4sst Raum f\u00fcr Interpretation. In Gr\u00fcn wirkt die Szene wie ein Bewusstseinsstrom aus einem Traum der 60er Jahre. Die Acryl-Version hingegen k\u00f6nnte in Farbe das emotionale Gewicht dieser Welt noch verst\u00e4rken \u2013 mit rot gl\u00fchenden Linien, blauen Schatten und goldenen Konturen.\u2028\u2028LTJ schafft mit diesem Bild eine introspektive Weite \u2013 einen seelischen Atlas, in dem der Betrachter nicht nur spazieren geht, sondern sich selbst begegnet.<\/p>\n<p>116 The Hill of Faces \u2013 A Landscape of Inner Motion<\/p>\n<p>Artist: LTJ<br \/>\nFormat: A3, Digital Print<br \/>\nVersions:<br \/>\n1. Black and White<br \/>\n2. 60s Style Green<br \/>\n3. Acrylic Version<\/p>\n<p>In this multi-layered work by LTJ, a landscape unfolds that is shaped not by geography but by memories and inner states. In the foreground stands a shadowy figure \u2013 anonymous, observant, on its way to somewhere. It looks out over a wide, hilly terrain filled with movement and signs.\u2028\u2028Everywhere in the drawing, small figures can be seen: dancing, fighting, searching, sometimes close together, then again isolated. It is a choreography of life, scattered across the field of perception. In between lie gates, passages, or simply empty spaces that can be read as transitions \u2013 to memories, to feelings, to moments.\u2028\u2028On the right edge, a giant face dominates \u2013 calm, almost melancholic. It appears to be crying, but not out of sadness \u2013 more as a mirror of a deep, long-held emotion. The eyes of this face are tired, searching, yet watchful. Perhaps it is an older self-image, perhaps a witness from another time.\u2028\u2028Especially striking are the many eyes embedded in the landscape \u2013 some open, some closed, some almost like masks. They turn the hills into a living, feeling being. Nothing goes unnoticed \u2013 and yet one does not feel threatened, but rather invited to enter this world.\u2028\u2028The black-and-white version highlights these subtle transitions particularly well \u2013 it leaves room for interpretation. In green, the scene feels like a stream of consciousness from a dream in the 60s. The acrylic version, in contrast, might intensify the emotional weight of this world through color \u2013 with glowing red lines, blue shadows, and golden contours.\u2028\u2028With this image, LTJ creates an introspective expanse \u2013 a soul atlas in which the viewer not only takes a walk, but encounters themselves.<\/p>\n","protected":false},"excerpt":{"rendered":"<p>116 Der H\u00fcgel der Gesichter \u2013 Eine Landschaft der inneren Bewegungen K\u00fcnstler: LTJ Format: A3, Digitaldruck Versionen: 1. Schwarz-Wei\u00df 2. 60er-Jahre-Gr\u00fcn 3. Acryl-Version &nbsp; Preis auf Anfrage In diesem vielschichtigen&hellip;<\/p>\n","protected":false},"author":1,"featured_media":2889,"parent":0,"menu_order":0,"comment_status":"closed","ping_status":"closed","template":"","meta":{"footnotes":""},"class_list":["post-2887","page","type-page","status-publish","has-post-thumbnail","hentry"],"_links":{"self":[{"href":"https:\/\/ludwigthomajun.de\/index.php?rest_route=\/wp\/v2\/pages\/2887","targetHints":{"allow":["GET"]}}],"collection":[{"href":"https:\/\/ludwigthomajun.de\/index.php?rest_route=\/wp\/v2\/pages"}],"about":[{"href":"https:\/\/ludwigthomajun.de\/index.php?rest_route=\/wp\/v2\/types\/page"}],"author":[{"embeddable":true,"href":"https:\/\/ludwigthomajun.de\/index.php?rest_route=\/wp\/v2\/users\/1"}],"replies":[{"embeddable":true,"href":"https:\/\/ludwigthomajun.de\/index.php?rest_route=%2Fwp%2Fv2%2Fcomments&post=2887"}],"version-history":[{"count":2,"href":"https:\/\/ludwigthomajun.de\/index.php?rest_route=\/wp\/v2\/pages\/2887\/revisions"}],"predecessor-version":[{"id":2894,"href":"https:\/\/ludwigthomajun.de\/index.php?rest_route=\/wp\/v2\/pages\/2887\/revisions\/2894"}],"wp:featuredmedia":[{"embeddable":true,"href":"https:\/\/ludwigthomajun.de\/index.php?rest_route=\/wp\/v2\/media\/2889"}],"wp:attachment":[{"href":"https:\/\/ludwigthomajun.de\/index.php?rest_route=%2Fwp%2Fv2%2Fmedia&parent=2887"}],"curies":[{"name":"wp","href":"https:\/\/api.w.org\/{rel}","templated":true}]}}

<p><img loading="lazy" decoding="async" class="aligncenter size-medium wp-image-2889" src="https://ludwigthomajun.de/wp-content/uploads/2025/05/116-A3-116-The-Hill-of-Faces-–-A-Landscape-of-Inner-Motion-Maler-LTJ-2-300x212.jpg" alt="" width="300" height="212" srcset="https://ludwigthomajun.de/wp-content/uploads/2025/05/116-A3-116-The-Hill-of-Faces-–-A-Landscape-of-Inner-Motion-Maler-LTJ-2-300x212.jpg 300w, https://ludwigthomajun.de/wp-content/uploads/2025/05/116-A3-116-The-Hill-of-Faces-–-A-Landscape-of-Inner-Motion-Maler-LTJ-2-1024x724.jpg 1024w, https://ludwigthomajun.de/wp-content/uploads/2025/05/116-A3-116-The-Hill-of-Faces-–-A-Landscape-of-Inner-Motion-Maler-LTJ-2-768x543.jpg 768w, https://ludwigthomajun.de/wp-content/uploads/2025/05/116-A3-116-The-Hill-of-Faces-–-A-Landscape-of-Inner-Motion-Maler-LTJ-2-1536x1086.jpg 1536w, https://ludwigthomajun.de/wp-content/uploads/2025/05/116-A3-116-The-Hill-of-Faces-–-A-Landscape-of-Inner-Motion-Maler-LTJ-2-2048x1448.jpg 2048w" sizes="auto, (max-width: 300px) 100vw, 300px" /></p>
<p><img loading="lazy" decoding="async" class="aligncenter size-medium wp-image-2890" src="https://ludwigthomajun.de/wp-content/uploads/2025/05/116-A3-116-The-Hill-of-Faces-–-A-Landscape-of-Inner-Motion-Maler-LTJ-2-3-300x212.jpg" alt="" width="300" height="212" srcset="https://ludwigthomajun.de/wp-content/uploads/2025/05/116-A3-116-The-Hill-of-Faces-–-A-Landscape-of-Inner-Motion-Maler-LTJ-2-3-300x212.jpg 300w, https://ludwigthomajun.de/wp-content/uploads/2025/05/116-A3-116-The-Hill-of-Faces-–-A-Landscape-of-Inner-Motion-Maler-LTJ-2-3-1024x724.jpg 1024w, https://ludwigthomajun.de/wp-content/uploads/2025/05/116-A3-116-The-Hill-of-Faces-–-A-Landscape-of-Inner-Motion-Maler-LTJ-2-3-768x543.jpg 768w, https://ludwigthomajun.de/wp-content/uploads/2025/05/116-A3-116-The-Hill-of-Faces-–-A-Landscape-of-Inner-Motion-Maler-LTJ-2-3-1536x1086.jpg 1536w, https://ludwigthomajun.de/wp-content/uploads/2025/05/116-A3-116-The-Hill-of-Faces-–-A-Landscape-of-Inner-Motion-Maler-LTJ-2-3-2048x1448.jpg 2048w" sizes="auto, (max-width: 300px) 100vw, 300px" /></p>
<p>116 Der Hügel der Gesichter – Eine Landschaft der inneren Bewegungen</p>
<p>Künstler: LTJ<br />
Format: A3, Digitaldruck<br />
Versionen:<br />
1. Schwarz-Weiß<br />
2. 60er-Jahre-Grün<br />
3. Acryl-Version</p>
<p>&nbsp;</p>
<p>Preis auf Anfrage</p>
<p>In diesem vielschichtigen Werk von LTJ entfaltet sich eine Landschaft, die nicht von Geografie, sondern von Erinnerungen und inneren Zuständen geprägt ist. Im Vordergrund steht eine schattenhafte Figur – anonym, beobachtend, auf dem Weg irgendwohin. Sie blickt in ein weites, hügeliges Terrain, das voller Bewegung und Zeichen ist.  Überall in der Zeichnung tummeln sich kleine Figuren: tanzend, kämpfend, suchend, manchmal ganz nah beieinander, dann wieder einsam. Es ist eine Choreographie des Lebens, verteilt über das Feld der Wahrnehmung. Dazwischen liegen Tore, Durchgänge, oder schlicht Leerstellen, die als Übergänge gelesen werden können – zu Erinnerungen, zu Gefühlen, zu Momenten.  Am rechten Rand dominiert ein riesiges Gesicht – ruhig, fast melancholisch. Es scheint zu weinen, aber nicht aus Trauer – eher als Spiegel einer tiefen, lang getragener Emotion. Die Augen dieses Gesichts sind müde, suchend, aber auch wachsam. Vielleicht ist es ein älteres Selbstbild, vielleicht ein Betrachter aus einer anderen Zeit.  Besonders eindrucksvoll sind die vielen Augen, die in die Landschaft eingebettet sind – teils offen, teils verschlossen, manche fast wie Masken. Sie verwandeln die Hügel in ein lebendiges, fühlendes Wesen. Nichts bleibt unbeobachtet – und doch fühlt man sich nicht bedroht, sondern eingeladen, diese Welt zu betreten.  Die Schwarz-Weiß-Version zeigt diese feinen Übergänge besonders klar – sie lässt Raum für Interpretation. In Grün wirkt die Szene wie ein Bewusstseinsstrom aus einem Traum der 60er Jahre. Die Acryl-Version hingegen könnte in Farbe das emotionale Gewicht dieser Welt noch verstärken – mit rot glühenden Linien, blauen Schatten und goldenen Konturen.  LTJ schafft mit diesem Bild eine introspektive Weite – einen seelischen Atlas, in dem der Betrachter nicht nur spazieren geht, sondern sich selbst begegnet.</p>
<p>116 The Hill of Faces – A Landscape of Inner Motion</p>
<p>Artist: LTJ<br />
Format: A3, Digital Print<br />
Versions:<br />
1. Black and White<br />
2. 60s Style Green<br />
3. Acrylic Version</p>
<p>In this multi-layered work by LTJ, a landscape unfolds that is shaped not by geography but by memories and inner states. In the foreground stands a shadowy figure – anonymous, observant, on its way to somewhere. It looks out over a wide, hilly terrain filled with movement and signs.  Everywhere in the drawing, small figures can be seen: dancing, fighting, searching, sometimes close together, then again isolated. It is a choreography of life, scattered across the field of perception. In between lie gates, passages, or simply empty spaces that can be read as transitions – to memories, to feelings, to moments.  On the right edge, a giant face dominates – calm, almost melancholic. It appears to be crying, but not out of sadness – more as a mirror of a deep, long-held emotion. The eyes of this face are tired, searching, yet watchful. Perhaps it is an older self-image, perhaps a witness from another time.  Especially striking are the many eyes embedded in the landscape – some open, some closed, some almost like masks. They turn the hills into a living, feeling being. Nothing goes unnoticed – and yet one does not feel threatened, but rather invited to enter this world.  The black-and-white version highlights these subtle transitions particularly well – it leaves room for interpretation. In green, the scene feels like a stream of consciousness from a dream in the 60s. The acrylic version, in contrast, might intensify the emotional weight of this world through color – with glowing red lines, blue shadows, and golden contours.  With this image, LTJ creates an introspective expanse – a soul atlas in which the viewer not only takes a walk, but encounters themselves.</p>

<p>116 Der Hügel der Gesichter – Eine Landschaft der inneren Bewegungen Künstler: LTJ Format: A3, Digitaldruck Versionen: 1. Schwarz-Weiß 2. 60er-Jahre-Grün 3. Acryl-Version &nbsp; Preis auf Anfrage In diesem vielschichtigen&hellip;</p>
