{"id":2994,"date":"2025-05-27T12:30:49","date_gmt":"2025-05-27T12:30:49","guid":{"rendered":"https:\/\/ludwigthomajun.de\/?page_id=2994"},"modified":"2025-05-27T12:32:48","modified_gmt":"2025-05-27T12:32:48","slug":"4-2","status":"publish","type":"page","link":"https:\/\/ludwigthomajun.de\/?page_id=2994","title":{"rendered":"4. Acrylic PEN Review \u2013 LTj- -Do My Voice \u2013 Read Me- \u2013 LTj- Painter LTj 2025"},"content":{"rendered":"<figure id=\"attachment_2995\" aria-describedby=\"caption-attachment-2995\" style=\"width: 212px\" class=\"wp-caption aligncenter\"><img loading=\"lazy\" decoding=\"async\" class=\"size-medium wp-image-2995\" src=\"https:\/\/ludwigthomajun.de\/wp-content\/uploads\/2025\/05\/4.-Acrylic-PEN-Review-\u2013-LTj-Do-My-Voice-\u2013-Read-Me-\u2013-LTj-Painter-LTj-2025-2-2-212x300.jpg\" alt=\"\" width=\"212\" height=\"300\" srcset=\"https:\/\/ludwigthomajun.de\/wp-content\/uploads\/2025\/05\/4.-Acrylic-PEN-Review-\u2013-LTj-Do-My-Voice-\u2013-Read-Me-\u2013-LTj-Painter-LTj-2025-2-2-212x300.jpg 212w, https:\/\/ludwigthomajun.de\/wp-content\/uploads\/2025\/05\/4.-Acrylic-PEN-Review-\u2013-LTj-Do-My-Voice-\u2013-Read-Me-\u2013-LTj-Painter-LTj-2025-2-2-724x1024.jpg 724w, https:\/\/ludwigthomajun.de\/wp-content\/uploads\/2025\/05\/4.-Acrylic-PEN-Review-\u2013-LTj-Do-My-Voice-\u2013-Read-Me-\u2013-LTj-Painter-LTj-2025-2-2-768x1086.jpg 768w, https:\/\/ludwigthomajun.de\/wp-content\/uploads\/2025\/05\/4.-Acrylic-PEN-Review-\u2013-LTj-Do-My-Voice-\u2013-Read-Me-\u2013-LTj-Painter-LTj-2025-2-2-1086x1536.jpg 1086w, https:\/\/ludwigthomajun.de\/wp-content\/uploads\/2025\/05\/4.-Acrylic-PEN-Review-\u2013-LTj-Do-My-Voice-\u2013-Read-Me-\u2013-LTj-Painter-LTj-2025-2-2-1448x2048.jpg 1448w, https:\/\/ludwigthomajun.de\/wp-content\/uploads\/2025\/05\/4.-Acrylic-PEN-Review-\u2013-LTj-Do-My-Voice-\u2013-Read-Me-\u2013-LTj-Painter-LTj-2025-2-2-scaled.jpg 1810w\" sizes=\"auto, (max-width: 212px) 100vw, 212px\" \/><figcaption id=\"caption-attachment-2995\" class=\"wp-caption-text\">4. Acrylic PEN Review \u2013 LTj- -Do My Voice \u2013 Read Me- \u2013 LTj- Painter LTj 2025<\/figcaption><\/figure>\n<figure id=\"attachment_2996\" aria-describedby=\"caption-attachment-2996\" style=\"width: 212px\" class=\"wp-caption aligncenter\"><img loading=\"lazy\" decoding=\"async\" class=\"size-medium wp-image-2996\" src=\"https:\/\/ludwigthomajun.de\/wp-content\/uploads\/2025\/05\/4.-Acrylic-PEN-Review-\u2013-LTj-Do-My-Voice-\u2013-Read-Me-\u2013-LTj-Painter-LTj-2025-2-2-2-212x300.jpg\" alt=\"\" width=\"212\" height=\"300\" srcset=\"https:\/\/ludwigthomajun.de\/wp-content\/uploads\/2025\/05\/4.-Acrylic-PEN-Review-\u2013-LTj-Do-My-Voice-\u2013-Read-Me-\u2013-LTj-Painter-LTj-2025-2-2-2-212x300.jpg 212w, https:\/\/ludwigthomajun.de\/wp-content\/uploads\/2025\/05\/4.-Acrylic-PEN-Review-\u2013-LTj-Do-My-Voice-\u2013-Read-Me-\u2013-LTj-Painter-LTj-2025-2-2-2-724x1024.jpg 724w, https:\/\/ludwigthomajun.de\/wp-content\/uploads\/2025\/05\/4.-Acrylic-PEN-Review-\u2013-LTj-Do-My-Voice-\u2013-Read-Me-\u2013-LTj-Painter-LTj-2025-2-2-2-768x1086.jpg 768w, https:\/\/ludwigthomajun.de\/wp-content\/uploads\/2025\/05\/4.-Acrylic-PEN-Review-\u2013-LTj-Do-My-Voice-\u2013-Read-Me-\u2013-LTj-Painter-LTj-2025-2-2-2-1086x1536.jpg 1086w, https:\/\/ludwigthomajun.de\/wp-content\/uploads\/2025\/05\/4.-Acrylic-PEN-Review-\u2013-LTj-Do-My-Voice-\u2013-Read-Me-\u2013-LTj-Painter-LTj-2025-2-2-2-1448x2048.jpg 1448w, https:\/\/ludwigthomajun.de\/wp-content\/uploads\/2025\/05\/4.-Acrylic-PEN-Review-\u2013-LTj-Do-My-Voice-\u2013-Read-Me-\u2013-LTj-Painter-LTj-2025-2-2-2-scaled.jpg 1810w\" sizes=\"auto, (max-width: 212px) 100vw, 212px\" \/><figcaption id=\"caption-attachment-2996\" class=\"wp-caption-text\">4. Acrylic PEN Review \u2013 LTj- -Do My Voice \u2013 Read Me- \u2013 LTj- Painter LTj 2025<\/figcaption><\/figure>\n<figure id=\"attachment_2997\" aria-describedby=\"caption-attachment-2997\" style=\"width: 207px\" class=\"wp-caption aligncenter\"><img loading=\"lazy\" decoding=\"async\" class=\"size-medium wp-image-2997\" src=\"https:\/\/ludwigthomajun.de\/wp-content\/uploads\/2025\/05\/4.-Acrylic-PEN-Review-\u2013-LTj-Do-My-Voice-\u2013-Read-Me-\u2013-LTj-Painter-LTj-2025-org-207x300.jpeg\" alt=\"\" width=\"207\" height=\"300\" srcset=\"https:\/\/ludwigthomajun.de\/wp-content\/uploads\/2025\/05\/4.-Acrylic-PEN-Review-\u2013-LTj-Do-My-Voice-\u2013-Read-Me-\u2013-LTj-Painter-LTj-2025-org-207x300.jpeg 207w, https:\/\/ludwigthomajun.de\/wp-content\/uploads\/2025\/05\/4.-Acrylic-PEN-Review-\u2013-LTj-Do-My-Voice-\u2013-Read-Me-\u2013-LTj-Painter-LTj-2025-org.jpeg 592w\" sizes=\"auto, (max-width: 207px) 100vw, 207px\" \/><figcaption id=\"caption-attachment-2997\" class=\"wp-caption-text\">4. Acrylic PEN Review \u2013 LTj- -Do My Voice \u2013 Read Me- \u2013 LTj- Painter LTj 2025<\/figcaption><\/figure>\n<figure id=\"attachment_2998\" aria-describedby=\"caption-attachment-2998\" style=\"width: 212px\" class=\"wp-caption aligncenter\"><img loading=\"lazy\" decoding=\"async\" class=\"size-medium wp-image-2998\" src=\"https:\/\/ludwigthomajun.de\/wp-content\/uploads\/2025\/05\/4.-Acrylic-PEN-Review-\u2013-LTj-Do-My-Voice-\u2013-Read-Me-\u2013-LTj-Painter-LTj-2025-2-212x300.jpg\" alt=\"\" width=\"212\" height=\"300\" srcset=\"https:\/\/ludwigthomajun.de\/wp-content\/uploads\/2025\/05\/4.-Acrylic-PEN-Review-\u2013-LTj-Do-My-Voice-\u2013-Read-Me-\u2013-LTj-Painter-LTj-2025-2-212x300.jpg 212w, https:\/\/ludwigthomajun.de\/wp-content\/uploads\/2025\/05\/4.-Acrylic-PEN-Review-\u2013-LTj-Do-My-Voice-\u2013-Read-Me-\u2013-LTj-Painter-LTj-2025-2-724x1024.jpg 724w, https:\/\/ludwigthomajun.de\/wp-content\/uploads\/2025\/05\/4.-Acrylic-PEN-Review-\u2013-LTj-Do-My-Voice-\u2013-Read-Me-\u2013-LTj-Painter-LTj-2025-2-768x1086.jpg 768w, https:\/\/ludwigthomajun.de\/wp-content\/uploads\/2025\/05\/4.-Acrylic-PEN-Review-\u2013-LTj-Do-My-Voice-\u2013-Read-Me-\u2013-LTj-Painter-LTj-2025-2-1086x1536.jpg 1086w, https:\/\/ludwigthomajun.de\/wp-content\/uploads\/2025\/05\/4.-Acrylic-PEN-Review-\u2013-LTj-Do-My-Voice-\u2013-Read-Me-\u2013-LTj-Painter-LTj-2025-2-1448x2048.jpg 1448w, https:\/\/ludwigthomajun.de\/wp-content\/uploads\/2025\/05\/4.-Acrylic-PEN-Review-\u2013-LTj-Do-My-Voice-\u2013-Read-Me-\u2013-LTj-Painter-LTj-2025-2-scaled.jpg 1810w\" sizes=\"auto, (max-width: 212px) 100vw, 212px\" \/><figcaption id=\"caption-attachment-2998\" class=\"wp-caption-text\">4. Acrylic PEN Review \u2013 LTj- -Do My Voice \u2013 Read Me- \u2013 LTj- Painter LTj 2025<\/figcaption><\/figure>\n<p>4 Acryl PEN Review \u2013 LTj: &#8222;Do My Voice \u2013 Read Me&#8220;<\/p>\n<p>Painter: LTj\u2028Medium: Acryl Pen\u2028Size: A1\u2028Digital Versions:\u2028\u00a01. Black and white\u2028\u00a02. 60s version with dots\u2028\u00a03. Original Print\u2028All framed\u2028Year: 2025<\/p>\n<p>Mit *&#8220;Do My Voice \u2013 Read Me&#8220;* gelingt LTj ein Werk, das sich zwischen k\u00fcnstlicher Intelligenz, digitaler Einsamkeit und poetischer Selbstreflexion bewegt. Die zentrale Figur in violettem Hoodie liest \u2013 oder wartet darauf, gelesen zu werden. Um sie herum flackern Sprachbefehle, Slogans und Chatfetzen: *\u201eALICE aswer\u201c, \u201eVito returns false\u201c, \u201eEMMA RETURNS\u201c, \u201eDO MY VOICE\u201c*. Die dominante M\u00fcndung \u00fcber dem Geschehen symbolisiert die \u00fcberm\u00e4chtige Stimme der Systeme \u2013 oder den Wunsch nach Ausdruck.\u2028\u2028Die Farben sind flirrend, die Striche roh und rhythmisch \u2013 wie ein technopoetisches Tagebuch. LTj bringt mit einfachsten Mitteln komplexe Fragen zur Gegenwart auf die Fl\u00e4che: Wer spricht? Wer h\u00f6rt zu? Wer darf gelesen werden? Und was, wenn der Code \u201efalse\u201c zur\u00fcckgibt? Ein intensives, verspieltes, beunruhigendes Bild \u00fcber die Schnittstelle von Mensch, Text und Maschine.<\/p>\n<p>4 Acrylic PEN Review \u2013 LTj: &#8222;Do My Voice \u2013 Read Me&#8220;<\/p>\n<p>Painter: LTj\u2028Medium: Acrylic Pen\u2028Size: A1\u2028Digital Versions:\u2028\u00a01. Black and white\u2028\u00a02. 60s version with dots\u2028\u00a03. Original Print\u2028All framed\u2028Year: 2025<\/p>\n<p>With *&#8220;Do My Voice \u2013 Read Me&#8220;*, LTj creates a piece that moves between artificial intelligence, digital loneliness, and poetic self-reflection. The central figure in a violet hoodie reads \u2013 or waits to be read. Surrounding them flash voice commands, slogans, and chat fragments: *\u201cALICE aswer\u201d, \u201cVito returns false\u201d, \u201cEMMA RETURNS\u201d, \u201cDO MY VOICE\u201d*. The dominant mouth hovering above symbolizes the overwhelming voice of systems \u2013 or the longing to be heard.\u2028\u2028The colors flicker, the strokes are raw and rhythmic \u2013 like a techno-poetic diary. LTj uses the simplest means to raise complex questions of our present moment: Who speaks? Who listens? Who gets to be read? And what happens when the code returns \u2018false\u2019? An intense, playful, and unsettling image exploring the interface between human, text, and machine.<\/p>\n<p>_________________________________________________________<\/p>\n<div data-aidaform-app=\"form202405\" data-url=\"https:\/\/luggihitman.aidaform.com\/free-product-information-enquiry-form\" data-width=\"100%\" data-height=\"500px\" data-do-resize=\"\"><\/div>\n<p><script>(function(){var r,d=document,gt=d.getElementById,cr=d.createElement,tg=d.getElementsByTagName,id=\"aidaform-app\";if(!gt.call(d,id)){r=cr.call(d,\"script\");r.id=id;r.src=\"https:\/\/widget.aidaform.com\/embed.js\";(d.head || tg.call(d,\"head\")[0]).appendChild(r);}})()<\/script><\/p>\n","protected":false},"excerpt":{"rendered":"<p>4 Acryl PEN Review \u2013 LTj: &#8222;Do My Voice \u2013 Read Me&#8220; Painter: LTj\u2028Medium: Acryl Pen\u2028Size: A1\u2028Digital Versions:\u2028\u00a01. Black and white\u2028\u00a02. 60s version with dots\u2028\u00a03. Original Print\u2028All framed\u2028Year: 2025 Mit&hellip;<\/p>\n","protected":false},"author":1,"featured_media":2996,"parent":0,"menu_order":0,"comment_status":"closed","ping_status":"closed","template":"","meta":{"footnotes":""},"class_list":["post-2994","page","type-page","status-publish","has-post-thumbnail","hentry"],"_links":{"self":[{"href":"https:\/\/ludwigthomajun.de\/index.php?rest_route=\/wp\/v2\/pages\/2994","targetHints":{"allow":["GET"]}}],"collection":[{"href":"https:\/\/ludwigthomajun.de\/index.php?rest_route=\/wp\/v2\/pages"}],"about":[{"href":"https:\/\/ludwigthomajun.de\/index.php?rest_route=\/wp\/v2\/types\/page"}],"author":[{"embeddable":true,"href":"https:\/\/ludwigthomajun.de\/index.php?rest_route=\/wp\/v2\/users\/1"}],"replies":[{"embeddable":true,"href":"https:\/\/ludwigthomajun.de\/index.php?rest_route=%2Fwp%2Fv2%2Fcomments&post=2994"}],"version-history":[{"count":4,"href":"https:\/\/ludwigthomajun.de\/index.php?rest_route=\/wp\/v2\/pages\/2994\/revisions"}],"predecessor-version":[{"id":3004,"href":"https:\/\/ludwigthomajun.de\/index.php?rest_route=\/wp\/v2\/pages\/2994\/revisions\/3004"}],"wp:featuredmedia":[{"embeddable":true,"href":"https:\/\/ludwigthomajun.de\/index.php?rest_route=\/wp\/v2\/media\/2996"}],"wp:attachment":[{"href":"https:\/\/ludwigthomajun.de\/index.php?rest_route=%2Fwp%2Fv2%2Fmedia&parent=2994"}],"curies":[{"name":"wp","href":"https:\/\/api.w.org\/{rel}","templated":true}]}}