{"id":3037,"date":"2025-06-01T14:53:54","date_gmt":"2025-06-01T14:53:54","guid":{"rendered":"https:\/\/ludwigthomajun.de\/?page_id=3037"},"modified":"2025-06-02T17:12:04","modified_gmt":"2025-06-02T17:12:04","slug":"1-acryl-painting-crowned-silence","status":"publish","type":"page","link":"https:\/\/ludwigthomajun.de\/?page_id=3037","title":{"rendered":"3 Acryl Painting Crowned Silence LTj 2025 Price 1499.- Euro"},"content":{"rendered":"<figure id=\"attachment_3051\" aria-describedby=\"caption-attachment-3051\" style=\"width: 224px\" class=\"wp-caption aligncenter\"><img loading=\"lazy\" decoding=\"async\" class=\"wp-image-3051 size-medium\" src=\"https:\/\/ludwigthomajun.de\/wp-content\/uploads\/2025\/06\/IMG_0290-224x300.jpg\" alt=\"\" width=\"224\" height=\"300\" srcset=\"https:\/\/ludwigthomajun.de\/wp-content\/uploads\/2025\/06\/IMG_0290-224x300.jpg 224w, https:\/\/ludwigthomajun.de\/wp-content\/uploads\/2025\/06\/IMG_0290.jpg 548w\" sizes=\"auto, (max-width: 224px) 100vw, 224px\" \/><figcaption id=\"caption-attachment-3051\" class=\"wp-caption-text\">3 Acryl Painting Crowned Silence LTj 2025 Price 1499.- Euro<\/figcaption><\/figure>\n<p>&nbsp;<\/p>\n<p>3 Review of the Painting: \u201cCrowned Silence\u201d<\/p>\n<p>Artist: LTjj<\/p>\n<p>Year: 2025<\/p>\n<p>Medium: Acrylic on Canvas<\/p>\n<p>Style: Abstract Expressionism \/ Symbolic Figuration<\/p>\n<p>LTj\u2019s Crowned Silence is a visceral, haunting piece executed in thick acrylics that speak not only in color but in texture. Painted in 2025, it feels both contemporary and ancient\u2014like a sacred relic unearthed from the subconscious mind.<\/p>\n<p>The dominant use of earthy brown, applied in looping, crown-like strokes, suggests a ceremonial weight. At first glance, one might see a crown, or perhaps a head under duress\u2014mouth agape in a voiceless scream. The texture is bold and brutal, the brushwork emotionally charged. A pale, icy background sets the mood like a fading dream or a wall of time, through which these mysterious forms emerge.<\/p>\n<p>There are small but powerful interruptions in the composition: crimson spots like wounds or signs, an electric stroke of blue defying the rhythm, and a nearly imperceptible yellow frame that floats in the center, as if trying and failing to bring order. Figures seem to rise at the top of the circular form\u2014tiny silhouettes, witnesses, or guardians watching the drama unfold below.<\/p>\n<p>The layering of acrylic creates a physicality that pushes the image toward the viewer. LTj\u2019s use of color is symbolic rather than decorative\u2014each hue is a narrative thread: red for memory or injury, blue for rebellion, brown for earthy descent. The whole image feels like a ritual caught mid-performance, a secret only partially revealed.<\/p>\n<p>Conclusion:<br \/>\nCrowned Silence is a stunning meditation on memory, identity, and unspoken trauma. LTj doesn\u2019t paint images\u2014he excavates them. The result is an emotional and symbolic terrain that invites deep contemplation, discomfort, and awe.<\/p>\n<p>Rating: \u2605\u2605\u2605\u2605\u2605 \u2013 A raw and resonant triumph of acrylic expression.<span class=\"Apple-converted-space\">\u00a0<\/span><\/p>\n<p>&nbsp;<\/p>\n<p>&nbsp;<\/p>\n<p>&nbsp;<\/p>\n<p>&nbsp;<\/p>\n<p>3 B\u00e4schdeggung vom Bild: \u201eG\u2019kr\u00f6nte Still\u201c<br \/>\nMoler: LTj\u2028Johr: 2025\u2028Technik: Acryl uff Leinwand\u2028Stil: Obgstrakde G\u2019f\u00fchlsmalerei mit a bissla Symbolkram\u2028\u2028Des Bild vom LTj is wie a Schlag in d\u2019Seel. \u201eG\u2019kr\u00f6nte Still\u201c schaut aus, als h\u00e4tt jemand mit Herz und Wut g\u2019malt, direkt aus\u2019m Unterbewusstsei naus. Dick aufgetrogge, die braune Farb \u2013 des sieht aus wie a Krone, oder a offner Mund, der schreien will, aber nix rausbringt. Alles is voller Spannung und doch irgendwie staad.\u2028\u2028Hintn is a hellblauer Grund, wie a Wand aus Eis oder Erinnerunge, wo sich die Formen durchdr\u00e4ngeln. Mittendrin is a leiser Krach: rote Klecks wie Blut oder Kirschkerna, a blauer Strich, der rebellisch quer \u00fcber des G\u2019mal fetzt, und a gelber Rahmen, der so wirkt, als wollt er Ordnung macha \u2013 schafft\u2019s aber ned. Oben droff steh winzigkleine Figurla wie Schatte oder stumme Zeugen.\u2028\u2028Die dick aufgetrogge Acrylfarbe gebt dem Bild fast a dreidimensionale Wucht. LTj mald ned, dass es blo\u00df schee ausschaut \u2013 der buddelt g\u2019f\u00fchlt in die Tiefe nei. Jede Farb hat ihre Bedeutung: Braun f\u00fcr d\u2019Erde oder des D\u00fcstere, Rot f\u00fcr Schmerz oder Erinnerung, Blau f\u00fcr Trotz und Freiheit.\u2028\u2028Des Ganze is wie a Ritual in Farbe. Mystisch, g\u2019waltig und trotzdem verletztlich.<\/p>\n<p>Fazid:\u2028\u201eG\u2019kr\u00f6nte Still\u201c is koa liebs, g\u2019f\u00e4lligs Bild. Des schreit ned laut, aber es brodelt und hallt nach. LTj zeigt, dass Kunst a Kampf sei kann \u2013 mit sich selba, mit der Welt, mit der Vergangenheit. A Bild, des bleibd im Kopf und im Herz.\u2028\u2028Wertung: \u2605\u2605\u2605\u2605\u2605 \u2013 A fr\u00e4ngisches Farbgedicht voller G\u2019f\u00fchl und G\u2019r\u00e4usch im Stilln.<\/p>\n<p>_________________________________________________________<\/p>\n<div data-aidaform-app=\"form202405\" data-url=\"https:\/\/luggihitman.aidaform.com\/free-product-information-enquiry-form\" data-width=\"100%\" data-height=\"500px\" data-do-resize=\"\"><\/div>\n<p><script>(function(){var r,d=document,gt=d.getElementById,cr=d.createElement,tg=d.getElementsByTagName,id=\"aidaform-app\";if(!gt.call(d,id)){r=cr.call(d,\"script\");r.id=id;r.src=\"https:\/\/widget.aidaform.com\/embed.js\";(d.head || tg.call(d,\"head\")[0]).appendChild(r);}})()<\/script><\/p>\n","protected":false},"excerpt":{"rendered":"<p>&nbsp; 3 Review of the Painting: \u201cCrowned Silence\u201d Artist: LTjj Year: 2025 Medium: Acrylic on Canvas Style: Abstract Expressionism \/ Symbolic Figuration LTj\u2019s Crowned Silence is a visceral, haunting piece&hellip;<\/p>\n","protected":false},"author":1,"featured_media":3056,"parent":0,"menu_order":0,"comment_status":"closed","ping_status":"closed","template":"","meta":{"footnotes":""},"class_list":["post-3037","page","type-page","status-publish","has-post-thumbnail","hentry"],"_links":{"self":[{"href":"https:\/\/ludwigthomajun.de\/index.php?rest_route=\/wp\/v2\/pages\/3037","targetHints":{"allow":["GET"]}}],"collection":[{"href":"https:\/\/ludwigthomajun.de\/index.php?rest_route=\/wp\/v2\/pages"}],"about":[{"href":"https:\/\/ludwigthomajun.de\/index.php?rest_route=\/wp\/v2\/types\/page"}],"author":[{"embeddable":true,"href":"https:\/\/ludwigthomajun.de\/index.php?rest_route=\/wp\/v2\/users\/1"}],"replies":[{"embeddable":true,"href":"https:\/\/ludwigthomajun.de\/index.php?rest_route=%2Fwp%2Fv2%2Fcomments&post=3037"}],"version-history":[{"count":8,"href":"https:\/\/ludwigthomajun.de\/index.php?rest_route=\/wp\/v2\/pages\/3037\/revisions"}],"predecessor-version":[{"id":3092,"href":"https:\/\/ludwigthomajun.de\/index.php?rest_route=\/wp\/v2\/pages\/3037\/revisions\/3092"}],"wp:featuredmedia":[{"embeddable":true,"href":"https:\/\/ludwigthomajun.de\/index.php?rest_route=\/wp\/v2\/media\/3056"}],"wp:attachment":[{"href":"https:\/\/ludwigthomajun.de\/index.php?rest_route=%2Fwp%2Fv2%2Fmedia&parent=3037"}],"curies":[{"name":"wp","href":"https:\/\/api.w.org\/{rel}","templated":true}]}}