{"id":3181,"date":"2025-06-18T07:26:46","date_gmt":"2025-06-18T07:26:46","guid":{"rendered":"https:\/\/ludwigthomajun.de\/?page_id=3181"},"modified":"2025-06-18T07:32:27","modified_gmt":"2025-06-18T07:32:27","slug":"traumwelt-geschichte-zeichnungen-lieder","status":"publish","type":"page","link":"https:\/\/ludwigthomajun.de\/?page_id=3181","title":{"rendered":"Traumwelt Geschichte | Zeichnungen | Lieder |"},"content":{"rendered":"<figure id=\"attachment_3182\" aria-describedby=\"caption-attachment-3182\" style=\"width: 202px\" class=\"wp-caption aligncenter\"><img loading=\"lazy\" decoding=\"async\" class=\"size-medium wp-image-3182\" src=\"https:\/\/ludwigthomajun.de\/wp-content\/uploads\/2025\/06\/Der-kleine-Zellonaut-Maler-LTj-3-202x300.jpeg\" alt=\"\" width=\"202\" height=\"300\" srcset=\"https:\/\/ludwigthomajun.de\/wp-content\/uploads\/2025\/06\/Der-kleine-Zellonaut-Maler-LTj-3-202x300.jpeg 202w, https:\/\/ludwigthomajun.de\/wp-content\/uploads\/2025\/06\/Der-kleine-Zellonaut-Maler-LTj-3-691x1024.jpeg 691w, https:\/\/ludwigthomajun.de\/wp-content\/uploads\/2025\/06\/Der-kleine-Zellonaut-Maler-LTj-3-768x1139.jpeg 768w, https:\/\/ludwigthomajun.de\/wp-content\/uploads\/2025\/06\/Der-kleine-Zellonaut-Maler-LTj-3.jpeg 899w\" sizes=\"auto, (max-width: 202px) 100vw, 202px\" \/><figcaption id=\"caption-attachment-3182\" class=\"wp-caption-text\">1 Der kleine Zellonaut Maler LTj 2025<\/figcaption><\/figure>\n<figure id=\"attachment_3188\" aria-describedby=\"caption-attachment-3188\" style=\"width: 202px\" class=\"wp-caption aligncenter\"><img loading=\"lazy\" decoding=\"async\" class=\"size-medium wp-image-3188\" src=\"https:\/\/ludwigthomajun.de\/wp-content\/uploads\/2025\/06\/Der-kleine-Zellonaut-Maler-LTj-202x300.jpeg\" alt=\"\" width=\"202\" height=\"300\" srcset=\"https:\/\/ludwigthomajun.de\/wp-content\/uploads\/2025\/06\/Der-kleine-Zellonaut-Maler-LTj-202x300.jpeg 202w, https:\/\/ludwigthomajun.de\/wp-content\/uploads\/2025\/06\/Der-kleine-Zellonaut-Maler-LTj-691x1024.jpeg 691w, https:\/\/ludwigthomajun.de\/wp-content\/uploads\/2025\/06\/Der-kleine-Zellonaut-Maler-LTj-768x1139.jpeg 768w, https:\/\/ludwigthomajun.de\/wp-content\/uploads\/2025\/06\/Der-kleine-Zellonaut-Maler-LTj-1036x1536.jpeg 1036w, https:\/\/ludwigthomajun.de\/wp-content\/uploads\/2025\/06\/Der-kleine-Zellonaut-Maler-LTj-1381x2048.jpeg 1381w, https:\/\/ludwigthomajun.de\/wp-content\/uploads\/2025\/06\/Der-kleine-Zellonaut-Maler-LTj-scaled.jpeg 1727w\" sizes=\"auto, (max-width: 202px) 100vw, 202px\" \/><figcaption id=\"caption-attachment-3188\" class=\"wp-caption-text\">1 Der kleine Zellonaut Maler LTj 2025<\/figcaption><\/figure>\n<p><img loading=\"lazy\" decoding=\"async\" class=\"aligncenter size-medium wp-image-3190\" src=\"https:\/\/ludwigthomajun.de\/wp-content\/uploads\/2025\/06\/Der-kleine-ZellonautAcryl-Maler-LTJ-1-202x300.jpeg\" alt=\"\" width=\"202\" height=\"300\" srcset=\"https:\/\/ludwigthomajun.de\/wp-content\/uploads\/2025\/06\/Der-kleine-ZellonautAcryl-Maler-LTJ-1-202x300.jpeg 202w, https:\/\/ludwigthomajun.de\/wp-content\/uploads\/2025\/06\/Der-kleine-ZellonautAcryl-Maler-LTJ-1-691x1024.jpeg 691w, https:\/\/ludwigthomajun.de\/wp-content\/uploads\/2025\/06\/Der-kleine-ZellonautAcryl-Maler-LTJ-1-768x1139.jpeg 768w, https:\/\/ludwigthomajun.de\/wp-content\/uploads\/2025\/06\/Der-kleine-ZellonautAcryl-Maler-LTJ-1-1036x1536.jpeg 1036w, https:\/\/ludwigthomajun.de\/wp-content\/uploads\/2025\/06\/Der-kleine-ZellonautAcryl-Maler-LTJ-1-1381x2048.jpeg 1381w, https:\/\/ludwigthomajun.de\/wp-content\/uploads\/2025\/06\/Der-kleine-ZellonautAcryl-Maler-LTJ-1-scaled.jpeg 1727w\" sizes=\"auto, (max-width: 202px) 100vw, 202px\" \/> <img loading=\"lazy\" decoding=\"async\" class=\"aligncenter size-medium wp-image-3191\" src=\"https:\/\/ludwigthomajun.de\/wp-content\/uploads\/2025\/06\/Der-kleine-Zellonaut-Maler-LTJ-BW-1-202x300.jpeg\" alt=\"\" width=\"202\" height=\"300\" srcset=\"https:\/\/ludwigthomajun.de\/wp-content\/uploads\/2025\/06\/Der-kleine-Zellonaut-Maler-LTJ-BW-1-202x300.jpeg 202w, https:\/\/ludwigthomajun.de\/wp-content\/uploads\/2025\/06\/Der-kleine-Zellonaut-Maler-LTJ-BW-1-691x1024.jpeg 691w, https:\/\/ludwigthomajun.de\/wp-content\/uploads\/2025\/06\/Der-kleine-Zellonaut-Maler-LTJ-BW-1-768x1139.jpeg 768w, https:\/\/ludwigthomajun.de\/wp-content\/uploads\/2025\/06\/Der-kleine-Zellonaut-Maler-LTJ-BW-1-1036x1536.jpeg 1036w, https:\/\/ludwigthomajun.de\/wp-content\/uploads\/2025\/06\/Der-kleine-Zellonaut-Maler-LTJ-BW-1-1381x2048.jpeg 1381w, https:\/\/ludwigthomajun.de\/wp-content\/uploads\/2025\/06\/Der-kleine-Zellonaut-Maler-LTJ-BW-1-scaled.jpeg 1727w\" sizes=\"auto, (max-width: 202px) 100vw, 202px\" \/><\/p>\n<p>&nbsp;<\/p>\n<p>Bildbesprechung \u2013 Der kleine Zellonaut<\/p>\n<p><span class=\"Apple-converted-space\">\u00a0<\/span>K\u00fcnstler: LTJ | Technik: Bleistift auf Papier | Format: A3 | Jahr: 2025<\/p>\n<p>1. Originalskizze \u2013 Bleistiftzeichnung<\/p>\n<p>Titel: \u201eDer kleine Zellonaut\u201c<\/p>\n<p>Inmitten einer biologisch-traumhaften Szenerie erscheint eine freundliche Zelle auf einer Palette voller Mikroorganismen. Strahlen aus dem Hintergrund verleihen der Figur fast Heiligenscheincharakter. Ein Bild zwischen Zellbiologie und Poesie \u2013 neugierig, offen, lebensfroh. Der Titel \u201eTraumzeit\u201c passt wie ein Fingerzeig auf eine andere Dimension kindlicher Fantasie.<\/p>\n<p>2. Dotted Style \u2013 Pointillistisch interpretiert<\/p>\n<p>Titel: \u201eKosmozelle\u201c<\/p>\n<p>Im Dotted Style wirkt die Zeichnung wie ein Blick durchs Mikroskop mit kosmischer Brille: Alles bewegt sich, alles pulsiert. Die fr\u00f6hliche Zelle auf der mikrobiellen Palette wird zur galaktischen Figur. Die Punkte verleihen der Szene eine rhythmische Tiefe \u2013 zwischen Wissenschaft und Traum.<\/p>\n<p>3. Schwarz-Wei\u00df-Variante \u2013 Lineart\/Tusche<\/p>\n<p>Titel: \u201ePalettenplanet\u201c<\/p>\n<p>In dieser Ausf\u00fchrung wird die Formensprache stark betont: Die biologische Palette gleicht einem fremden Planeten, das Zellwesen einem mutigen Entdecker. Ohne Farbe wirkt die Figur klarer, ernster, fast ikonografisch. Der Titel \u201ePalettenplanet\u201c bringt das Bild auf den Punkt \u2013 ein Mikrokosmos als Makrokosmos.<\/p>\n<p>4. Acryl auf Leinwand \u2013 Farbsuggestion<\/p>\n<p>Titel: \u201eTraumzeitzelle\u201c<\/p>\n<p>Als Acrylbild w\u00fcrde sich die Palette in kr\u00e4ftigen Farben verlieren: Pinke Zellkerne, gr\u00fcne DNA-Spiralen, goldgelber Hintergrund. Die Hauptfigur wird zur Ikone kindlicher Sch\u00f6pfungskraft, die Palette zu einem Universum aus Leben, Farbe und Spiel. Ein Gem\u00e4lde f\u00fcr ein Kinderbuch \u00fcber Fantasie &amp; Biologie.<\/p>\n<p>&nbsp;<\/p>\n<p>&nbsp;<\/p>\n<p>&nbsp;<\/p>\n<p>_________________________________________________________<\/p>\n<div data-aidaform-app=\"form202405\" data-url=\"https:\/\/luggihitman.aidaform.com\/free-product-information-enquiry-form\" data-width=\"100%\" data-height=\"500px\" data-do-resize=\"\"><\/div>\n<p><script>(function(){var r,d=document,gt=d.getElementById,cr=d.createElement,tg=d.getElementsByTagName,id=\"aidaform-app\";if(!gt.call(d,id)){r=cr.call(d,\"script\");r.id=id;r.src=\"https:\/\/widget.aidaform.com\/embed.js\";(d.head || tg.call(d,\"head\")[0]).appendChild(r);}})()<\/script><\/p>\n","protected":false},"excerpt":{"rendered":"<p>&nbsp; Bildbesprechung \u2013 Der kleine Zellonaut \u00a0K\u00fcnstler: LTJ | Technik: Bleistift auf Papier | Format: A3 | Jahr: 2025 1. Originalskizze \u2013 Bleistiftzeichnung Titel: \u201eDer kleine Zellonaut\u201c Inmitten einer biologisch-traumhaften&hellip;<\/p>\n","protected":false},"author":1,"featured_media":3184,"parent":0,"menu_order":0,"comment_status":"closed","ping_status":"closed","template":"","meta":{"footnotes":""},"class_list":["post-3181","page","type-page","status-publish","has-post-thumbnail","hentry"],"_links":{"self":[{"href":"https:\/\/ludwigthomajun.de\/index.php?rest_route=\/wp\/v2\/pages\/3181","targetHints":{"allow":["GET"]}}],"collection":[{"href":"https:\/\/ludwigthomajun.de\/index.php?rest_route=\/wp\/v2\/pages"}],"about":[{"href":"https:\/\/ludwigthomajun.de\/index.php?rest_route=\/wp\/v2\/types\/page"}],"author":[{"embeddable":true,"href":"https:\/\/ludwigthomajun.de\/index.php?rest_route=\/wp\/v2\/users\/1"}],"replies":[{"embeddable":true,"href":"https:\/\/ludwigthomajun.de\/index.php?rest_route=%2Fwp%2Fv2%2Fcomments&post=3181"}],"version-history":[{"count":5,"href":"https:\/\/ludwigthomajun.de\/index.php?rest_route=\/wp\/v2\/pages\/3181\/revisions"}],"predecessor-version":[{"id":3195,"href":"https:\/\/ludwigthomajun.de\/index.php?rest_route=\/wp\/v2\/pages\/3181\/revisions\/3195"}],"wp:featuredmedia":[{"embeddable":true,"href":"https:\/\/ludwigthomajun.de\/index.php?rest_route=\/wp\/v2\/media\/3184"}],"wp:attachment":[{"href":"https:\/\/ludwigthomajun.de\/index.php?rest_route=%2Fwp%2Fv2%2Fmedia&parent=3181"}],"curies":[{"name":"wp","href":"https:\/\/api.w.org\/{rel}","templated":true}]}}